 a - 2*a**2 - 12 + a**3 + 1/4*a**d. Give z(-4).
1
Suppose -3*d + 6 = -2*d - 4*s, 12 = 4*d - 4*s. Let p(g) be the third derivative of -1/6*g**3 + 0 + 0*g + 1/24*g**4 + 26*g**d. Determine p(-8).
-9
Let l(z) = -4*z + 35. Let q(p) = 2*p**3 - 5*p**2 - 12*p + 16. Let a be q(0). Give l(a).
-29
Let s(v) = -v**2 + 4 - v**2 - 1 - 2 + 2*v. Let j(t) = 6*t**2 - 458*t - 304. Let u be j(77). Calculate s(u).
-23
Let x(y) = -241*y - 6 + 246*y + 9 + 8. Give x(-7).
-24
Let d(u) be the first derivative of u**4/12 - 4*u**3/3 + 5*u**2/2 + 146*u + 179. Let c(a) be the first derivative of d(a). Calculate c(6).
-7
Let n(c) = -c**3 - 11*c**2 + 10*c. Let r(t) = 17*t + 91. Let k be r(-5). Let q(x) = -x**3 - 12*x**2 + 12*x. Let i(m) = k*q(m) - 7*n(m). Determine i(-4).
8
Let d(q) be the first derivative of -q**4/4 - 11*q**3/3 - 9*q**2/2 + 3*q - 18. Let c = 195 - 205. Give d(c).
-7
Let i(f) = -f**3 + f**2 + 3*f + 4. Let p = -38 + 40. Suppose 5*j = 10, -j - 5 + p = -5*t. Suppose -3*s + 8 = -t. Determine i(s).
-5
Let n(r) = -8 + 154*r**2 + 146*r**2 - 453*r**2 + 19*r + 36 + 154*r**2. Determine n(-17).
-6
Let o(m) = m**2 - 4*m - 7. Let w(u) = -u**2 + 5*u + 8. Let p(l) = -5*o(l) - 4*w(l). Suppose -47*v - 4*a - 32 = -43*v, -5*v - 3*a = 30. Calculate p(v).
-6
Let q = 24974 - 24962. Let w(c) = 8*c - 96. Give w(q).
0
Let q(x) = -2*x**2 + 18*x - 8. Suppose 5*v - 3692 = 5*j - 2*j, j + 2955 = 4*v. Let g = -730 + v. Calculate q(g).
-8
Suppose -2*y + 53 = 3*j, 4*y = -64*j + 65*j + 85. Let x(s) = 14*s - 314. Calculate x(y).
-6
Let p(f) be the third derivative of f**5/30 - 7*f**4/6 - 2*f**3/3 - 34*f**2. Let u be p(14). Let s(k) = 6*k + 1. What is s(u)?
-23
Let z(q) = q**2 + 5*q - 10. Let j be z(-7). Suppose 4*o - j*s = -2*s + 12, -4*s - 16 = 0. Let f(n) = -5*n**3 + 2*n**2 - n. What is f(o)?
-4
Let c(u) = -119*u**3 - 121*u**3 + 237*u**3 - 2*u**2 + 3 + 2*u. Let v(i) = 2*i**3 + 2*i**2 - 3*i - 4. Let j(b) = -4*c(b) - 3*v(b). Determine j(-1).
-5
Suppose 2*i = 10, -q + 2*i + 45 - 13 = 0. Suppose -40 + q = n. Let o(h) = -4 + 10 - 5*h - n*h**2 - 2. Calculate o(-5).
-21
Let n(q) = -16*q**2 + 19*q + 6. Let a(x) = 19*x**2 - 16*x - 5. Let o(s) = 6*a(s) + 5*n(s). Determine o(-1).
35
Let s(y) be the third derivative of y**6/60 - 31*y**5/60 + 17*y**4/24 + y**3 + y**2 - 2*y - 1556. Determine s(15).
36
Let d(o) be the second derivative of o**5/10 - 3*o**4/4 + 5*o**3/3 - 5*o**2 + 22*o - 51. What is d(3)?
-7
Let n(a) = -31 - 38*a**2 + 17*a + 2*a**3 - 5*a**3 + 48*a**2 + 2*a**2 + 4*a**3. Give n(-10).
-1
Let q = 8 + -5. Let v(r) = -460*r + 10. Let h(z) = 1073*z - 21. Let k(f) = 3*h(f) + 7*v(f). Give k(q).
4
Let x(n) = 2*n**3 - 13*n**3 + 2*n**3 + n + 1. Suppose 0 = -4*d + 5*s + 46, 7*s + 42 = 4*d + 4*s. Suppose -d*k - 16 = 7*k. Calculate x(k).
9
Suppose 5*v + 13 = 4*n, -3*n - 7 = 3*v - 37. Let u(i) = 9495 - 4750 + 7*i + 6*i**2 - i**3 - 4751. Give u(n).
-6
Let n(w) = -5*w + 5. Suppose 7700*o = 7670*o - 330. Determine n(o).
60
Let z(b) be the third derivative of b**4/6 - 41*b**3/6 + b**2 - 67*b. Calculate z(11).
3
Let g be 0 + -6 - (12 + -21). Let i(a) = -12*a**2 - 21*a**2 - 2*a + 40*a**2 - 1. What is i(g)?
56
Let j(i) = 87*i**2 - i + 1. Suppose 14 = 282*p - 296*p. Determine j(p).
89
Let n(u) be the third derivative of u**6/120 + u**5/60 + u**4/24 + u**3/6 + 28*u**2 - 2*u. Calculate n(0).
1
Let n be (-24)/36*(-25 + -2)*1. Suppose 9*g = 15*g + n. Let r(i) = 8*i - 4. Calculate r(g).
-28
Let k(s) be the first derivative of s**4/4 - s**3/3 - 9*s**2/2 + 114. Suppose 199 = 156*h - 425. Give k(h).
12
Let l(u) = -15*u**2 - 2*u + 0 - 4 - 5*u**2 - 2*u + 19*u**2. Determine l(-9).
-49
Let v(r) = 197*r**3 + 7*r**2 + 12*r - 9. Let c(l) = 34*l**3 + 2*l - 1. Let t(o) = -6*c(o) + v(o). Calculate t(2).
-31
Let v be 5*3042/(-260)*(-1 - (-10)/18). Let l(z) = z**3 - 26*z**2 - 3*z + 78. Give l(v).
0
Let y(t) be the first derivative of t**2 + 7*t - 7. Suppose -58 = 6*p - 454. Suppose p + 6 = -9*w. What is y(w)?
-9
Let t(d) = -51*d**2 - 12*d + 3. Let b(h) = -77*h**2 - 17*h + 4. Let m(p) = -5*b(p) + 7*t(p). Give m(-1).
28
Let h(g) be the second derivative of 8*g**3/3 + 127*g**2/2 - 1431*g - 1. What is h(-8)?
-1
Let q be 1 + 3/(-2)*(-118)/177. Let z be 14/2*-1*-1. Let h(r) = 4 + r**2 - r - r**3 - 4*r**q + z*r. What is h(-4)?
-4
Let d(v) = 3*v + 9*v - 40 - 39 + 41 - 43. Determine d(6).
-9
Suppose 0*f + 2*f = 0, f - 4 = -q. Let k(n) = 4 - n**2 + 0*n + q + 3*n. Suppose 37*t - 261 = -39. Calculate k(t).
-10
Suppose 3*y = 6*y - 558. Let b = -179 + y. Let h(t) = t**2 - 7*t - 2. Calculate h(b).
-2
Let b(s) = s**3 - 5*s**2 - 6*s + 7. Let v be (3 + -3)*(-13)/(-39). Let a(q) = -q**2 + 6. Let h be a(0). Let n = v + h. Give b(n).
7
Let v(s) = 3*s + 6. Let b(x) = -x**3 + 16*x**2 - 14*x + 20. Let a = 91 - 76. Let c be b(a). Suppose 0 = -10*o - c - 5. Calculate v(o).
-6
Let k(c) be the first derivative of -c**3/3 - 11*c**2/2 + 10*c - 433. Let a be (-2)/3 - 75/9. Determine k(a).
28
Let p(b) = -30*b + 207. Let w(k) = -2*k + 16. Let a(u) = -p(u) + 13*w(u). What is a(0)?
1
Let a = -164 - -157. Let g(m) be the first derivative of -m**2/2 + m - 14. Calculate g(a).
8
Let a(d) = 16*d**3 - d**2. Let o(u) be the second derivative of 21*u**3/2 - 158*u**2 - 146*u + 2. Let p be o(5). What is a(p)?
-17
Let k(w) = 31*w + 11. Let p(m) = -11*m - 4. Let c(n) = 6*k(n) + 17*p(n). Let v(j) = j + 1. Let g(z) = 4*c(z) + 3*v(z). Determine g(-3).
-2
Let b(n) be the third derivative of -n**5/60 - n**4/4 + 7*n**3/6 + 43*n**2 + 57*n. Calculate b(-11).
-48
Let j(h) = 3*h + 8. Suppose 2*f - 4*q - 12 = 12, -2*q = -4*f + 24. Suppose 4 = -f*s + 5*y, -7*s - 3*y - 30 = -4*s. Calculate j(s).
-10
Let a(c) be the first derivative of c**4/2 - 11*c**3/3 + 3*c**2/2 + 2*c + 1394. Give a(5).
-8
Let d(w) be the first derivative of 59 - 2*w - w**2 + 1/3*w**3. What is d(5)?
13
Let o be -4*5*(-2)/((-40)/75). Let x be (-2)/5 + 195/o. Let y(z) = -z**2 - 4*z - 5. Calculate y(x).
-2
Let s = 1 - 4. Let z(h) = -3*h + 5*h + 4*h**3 - 48 + 17 + 20. Let j(c) = 2*c**3 - c**2 + c - 6. Let t(a) = 5*j(a) - 3*z(a). Calculate t(s).
15
Let i(c) = c - 8. Let w(m) be the second derivative of 7*m**2/2 + m + 28. Let s(l) = -6*i(l) - 7*w(l). What is s(-1)?
5
Suppose 6*n - 6*u = -8*u + 62, u = 3*n - 17. Let l(h) = -28*h + 233. Give l(n).
9
Suppose 245 = 31*u - 27 - 317. Let j(t) = -t**3 + 17*t**2 + 38*t - 5. Calculate j(u).
-5
Let n(i) = 3 - 3*i - 4*i + i**2 + 2*i. Let o(t) = -3*t**2 + t + 6. Let q be o(-2). Let u be (-20)/(-8)*q/(-10) - -1. Calculate n(u).
-3
Suppose 0*d - 12*d + 11*d = 0. Let j(m) = -10 - 8 - m + 13 - 1. What is j(d)?
-6
Let o(c) = 42*c + 2062 + 2027 - 4113 + 18*c**2 - c**3. Determine o(20).
16
Let w(s) = -4*s + 2. Let k = -215 - -224. Suppose -5*g + k*g = 12. Give w(g).
-10
Let h(s) = 1596*s - 3204*s + s**3 + 2 + 20*s**2 + 1586*s. What is h(-21)?
23
Let l be ((-62)/(-93))/((-4)/(-102)). Suppose -17*n - l = -119. Let t(u) be the third derivative of -u**6/120 + u**5/12 + u**4/6 + 5*u**3/6 - u**2. Give t(n).
-7
Let x(r) be the third derivative of -5*r**4/4 + 19*r**3/6 + 2*r**2 + 2648*r. Calculate x(2).
-41
Let k be 83/(-249)*18/3. Let z(m) = 2*m**2 - 24*m - 45. Give z(k).
11
Let u(r) be the second derivative of -2/3*r**3 + 100*r + 0 - 1/12*r**4 - 4*r**2. Calculate u(-6).
-20
Let g(w) = -5*w - 51 + 21*w + 45 - 12*w. What is g(-5)?
-26
Let y(r) = 7*r**3 - 6*r**2 + 2*r - 13. Let c(d) = -9*d**3 + 6*d**2 - 2*d + 20. Let j(k) = 3*c(k) + 4*y(k). Determine j(6).
20
Let n(d) be the second derivative of 5/6*d**3 + 0 - 100*d + 9/2*d**2. Determine n(-7).
-26
Let k = 7 + 0. Let c(p) = 17*p**2 - 97*p + 97. Let v(q) = -48*q**2 + 273*q - 276. Let a(m) = -17*c(m) - 6*v(m). What is a(k)?
35
Let s be 30/74*269804/10938. Let r(z) = 6*z + z**2 - 9 - 15*z + 2. What is r(s)?
3
Let p(r) = -r**3. Suppose 28 = -5*b + 63. Let t be 2*(-6)/16*(b + -11). Determine p(t).
-27
Let h(t) = 18*t - 653. Suppose -607*b + 7641 = -4774 - 9437. Give h(b).
-5
Let c(w) = -21*w + 54. Let v(n) = -41*n + 108. Let o(u) = -7*c(u) + 4*v(u). Give o(3).
3
Let x(k) = k**3 - 7*k**2 + 8*k - 3. Let b be x(6). Let h be (-1)/((-6)/(6 - -12)). Let o(l) = -6 - 1 + 71*l + h - 70*l. Calculate o(b).
5
Suppose -2*f + 19 = 3*g, 5*f - 5*g - 92 = -7. Let d(r) = -6*r + 86. Let x be d(f). Let y(q) = -2*q**2. What is y(x)?
-8
Let o(u) = -u**2 + 22*u - 74. Let p = 9813 